nder when 307 is divided by 108.
91
What is the remainder when 1979 is divided by 1975?
4
What is the remainder when 22718 is divided by 32?
30
Calculate the remainder when 40 is divided by 23.
17
Calculate the remainder when 1052 is divided by 212.
204
What is the remainder when 4821 is divided by 36?
33
Calculate the remainder when 528 is divided by 143.
99
Calculate the remainder when 2867 is divided by 60.
47
Calculate the remainder when 9 is divided by 1.
0
What is the remainder when 104 is divided by 55?
49
Calculate the remainder when 216 is divided by 80.
56
Calculate the remainder when 1450 is divided by 31.
24
Calculate the remainder when 79 is divided by 10.
9
Calculate the remainder when 16943 is divided by 24.
23
Calculate the remainder when 1692 is divided by 415.
32
Calculate the remainder when 161 is divided by 59.
43
What is the remainder when 1652 is divided by 87?
86
Calculate the remainder when 996 is divided by 27.
24
What is the remainder when 65 is divided by 25?
15
Calculate the remainder when 252 is divided by 31.
4
What is the remainder when 429 is divided by 134?
27
Calculate the remainder when 402 is divided by 36.
6
What is the remainder when 137 is divided by 23?
22
What is the remainder when 989 is divided by 30?
29
What is the remainder when 699 is divided by 663?
36
Calculate the remainder when 42 is divided by 22.
20
What is the remainder when 388 is divided by 98?
94
Calculate the remainder when 15 is divided by 4.
3
What is the remainder when 5975 is divided by 13?
8
What is the remainder when 484 is divided by 46?
24
What is the remainder when 597 is divided by 43?
38
Calculate the remainder when 119 is divided by 5.
4
What is the remainder when 3041 is divided by 106?
73
What is the remainder when 1782 is divided by 446?
444
Calculate the remainder when 338 is divided by 31.
28
Calculate the remainder when 10847 is divided by 8.
7
Calculate the remainder when 734 is divided by 104.
6
Calculate the remainder when 362 is divided by 109.
35
What is the remainder when 339 is divided by 167?
5
What is the remainder when 5171 is divided by 6?
5
Calculate the remainder when 125 is divided by 61.
3
What is the remainder when 1078 is divided by 194?
108
What is the remainder when 1013 is divided by 60?
53
What is the remainder when 10141 is divided by 161?
159
Calculate the remainder when 144 is divided by 21.
18
Calculate the remainder when 103 is divided by 27.
22
Calculate the remainder when 309 is divided by 31.
30
Calculate the remainder when 718 is divided by 180.
178
What is the remainder when 235 is divided by 74?
13
What is the remainder when 12233 is divided by 20?
13
Calculate the remainder when 161 is divided by 21.
14
Calculate the remainder when 1806 is divided by 49.
42
What is the remainder when 422 is divided by 14?
2
What is the remainder when 87 is divided by 20?
7
What is the remainder when 1035 is divided by 74?
73
Calculate the remainder when 57 is divided by 1.
0
What is the remainder when 2818 is divided by 91?
88
What is the remainder when 2047 is divided by 25?
22
Calculate the remainder when 133 is divided by 48.
37
Calculate the remainder when 636 is divided by 99.
42
Calculate the remainder when 310 is divided by 69.
34
Calculate the remainder when 1104 is divided by 138.
0
What is the remainder when 1160 is divided by 99?
71
What is the remainder when 149 is divided by 44?
17
What is the remainder when 113 is divided by 103?
10
What is the remainder when 3329 is divided by 98?
95
Calculate the remainder when 93 is divided by 54.
39
Calculate the remainder when 290 is divided by 89.
23
What is the remainder when 663 is divided by 197?
72
Calculate the remainder when 162 is divided by 41.
39
Calculate the remainder when 3142 is divided by 131.
129
Calculate the remainder when 140 is divided by 60.
20
Calculate the remainder when 3 is divided by 2.
1
What is the remainder when 118 is divided by 27?
10
Calculate the remainder when 1423 is divided by 75.
73
Calculate the remainder when 2125 is divided by 71.
66
What is the remainder when 31 is divided by 12?
7
Calculate the remainder when 1075 is divided by 179.
1
Calculate the remainder when 239 is divided by 21.
8
What is the remainder when 89 is divided by 26?
11
Calculate the remainder when 61 is divided by 22.
17
Calculate the remainder when 319 is divided by 17.
13
Calculate the remainder when 904 is divided by 14.
8
What is the remainder when 83 is divided by 14?
13
What is the remainder when 47 is divided by 35?
12
What is the remainder when 794 is divided by 159?
158
What is the remainder when 720 is divided by 29?
24
Calculate the remainder when 191 is divided by 8.
7
Calculate the remainder when 1139 is divided by 45.
14
What is the remainder when 2209 is divided by 25?
9
Calculate the remainder when 2278 is divided by 14.
10
What is the remainder when 11509 is divided by 3834?
7
What is the remainder when 161 is divided by 14?
7
What is the remainder when 416 is divided by 12?
8
What is the remainder when 367 is divided by 37?
34
What is the remainder when 129 is divided by 76?
53
Calculate the remainder when 5637 is divided by 68.
61
What is the remainder when 6945 is divided by 2314?
3
Calculate the remainder when 67 is divided by 2.
1
Calculate the remainder when 917 is divided by 30.
17
Calculate the remainder when 17522 is divided by 13.
11
What is the remainder when 80 is divided by 37?
6
What is the remainder when 441 is divided by 135?
36
Calculate the remainder when 824 is divided by 93.
80
Calculate the remainder when 420 is divided by 17.
12
Calculate the remainder when 101 is divided by 15.
11
What is the remainder when 44 is divided by 10?
4
What is the remainder when 312 is divided by 15?
12
Calculate the remainder when 198 is divided by 64.
6
What is the remainder when 550 is divided by 37?
32
What is the remainder when 567 is divided by 44?
39
Calculate the remainder when 60 is divided by 19.
3
What is the remainder when 66 is divided by 9?
3
What is the remainder when 308 is divided by 297?
11
Calculate the remainder when 1976 is divided by 15.
11
Calculate the remainder when 758 is divided by 50.
8
Calculate the remainder when 1133 is divided by 189.
188
What is the remainder when 424 is divided by 210?
4
Calculate the remainder when 577 is divided by 42.
31
Calculate the remainder when 124 is divided by 33.
25
What is the remainder when 203 is divided by 4?
3
Calculate the remainder when 343 is divided by 58.
53
Calculate the remainder when 235 is divided by 74.
13
Calculate the remainder when 27 is divided by 24.
3
Calculate the remainder when 35 is divided by 13.
9
What is the remainder when 7965 is divided by 13?
9
What is the remainder when 697 is divided by 140?
137
Calculate the remainder when 87 is divided by 28.
3
Calculate the remainder when 2872 is divided by 142.
32
What is the remainder when 105 is divided by 35?
0
Calculate the remainder when 75 is divided by 16.
11
Calculate the remainder when 379 is divided by 186.
7
What is the remainder when 2293 is divided by 144?
133
Calculate the remainder when 1871 is divided by 18.
17
Calculate the remainder when 462 is divided by 36.
30
Calculate the remainder when 2023 is divided by 10.
3
Calculate the remainder when 963 is divided by 189.
18
Calculate the remainder when 848 is divided by 50.
48
Calculate the remainder when 652 is divided by 41.
37
What is the remainder when 327 is divided by 33?
30
What is the remainder when 1147 is divided by 23?
20
What is the remainder when 152 is divided by 119?
33
Calculate the remainder when 1906 is divided by 18.
16
Calculate the remainder when 316 is divided by 29.
26
Calculate the remainder when 4387 is divided by 77.
75
What is the remainder when 143 is divided by 139?
4
Calculate the remainder when 82 is divided by 71.
11
Calculate the remainder when 259 is divided by 44.
39
Calculate the remainder when 55 is divided by 21.
13
What is the remainder when 219 is divided by 22?
21
What is the remainder when 54 is divided by 33?
21
Calculate the remainder when 6902 is divided by 157.
151
Calculate the remainder when 884 is divided by 285.
29
What is the remainder when 226 is divided by 69?
19
What is the re